250
-7444 (base 9) to base 10
-5467
What is 12495 (base 10) in base 9?
18123
-73b1 (base 16) to base 3
-1111121221
2874 (base 9) to base 12
1311
What is -3a5 (base 13) in base 3?
-212210
Convert 27167 (base 8) to base 5.
340040
What is -110110110010001 (base 2) in base 8?
-66621
-10414 (base 5) to base 4
-23132
What is 42 (base 9) in base 13?
2c
Convert 24b7 (base 12) to base 16.
104b
What is 3752 (base 14) in base 4?
2113030
Convert -4022 (base 6) to base 2.
-1101101110
Convert 56f (base 16) to base 13.
830
-32012 (base 4) to base 15
-402
What is 294d (base 16) in base 11?
7a42
1705 (base 8) to base 5
12330
-150150 (base 6) to base 2
-11011111110010
2e10 (base 16) to base 7
46244
-26720 (base 8) to base 16
-2dd0
What is 14431 (base 7) in base 12?
2387
What is -1a02 (base 12) in base 11?
-2422
-104242 (base 7) to base 6
-220431
Convert -4309 (base 10) to base 2.
-1000011010101
Convert -269 (base 15) to base 3.
-202100
What is -27c (base 16) in base 4?
-21330
1001322 (base 4) to base 2
1000001111010
Convert -43a14 (base 11) to base 16.
-f926
Convert -62153 (base 7) to base 11.
-1044a
Convert -100010101100100 (base 2) to base 4.
-10111210
Convert 2501 (base 6) to base 11.
508
Convert -10b (base 12) to base 10.
-155
1006 (base 13) to base 5
32303
What is -31303 (base 4) in base 14?
-471
Convert 1047 (base 9) to base 13.
475
What is 350541 (base 6) in base 8?
72475
Convert 1783 (base 9) to base 5.
20441
-1201210101 (base 3) to base 11
-236a0
436 (base 8) to base 11
240
Convert 29b (base 16) to base 2.
1010011011
Convert 1031 (base 11) to base 8.
2525
-1060 (base 11) to base 13
-836
Convert 1032 (base 7) to base 12.
266
What is 1222200 (base 3) in base 13?
876
Convert -10a54 (base 13) to base 12.
-15668
What is 15810 (base 10) in base 6?
201110
Convert 103 (base 10) to base 2.
1100111
Convert 250005 (base 7) to base 3.
2022120210
Convert 30123 (base 5) to base 12.
1135
What is 153 (base 7) in base 2?
1010111
Convert -1100100000010 (base 2) to base 9.
-8703
5a32 (base 14) to base 5
1000344
-132536 (base 8) to base 14
-12cc6
22151 (base 7) to base 9
7572
10202 (base 5) to base 10
677
Convert 301 (base 15) to base 10.
676
-3201 (base 4) to base 15
-100
-3411230 (base 5) to base 13
-21520
What is -10010111110111 (base 2) in base 15?
-2d2e
19c2 (base 14) to base 10
4678
Convert 3b09 (base 15) to base 5.
400414
Convert 43502 (base 7) to base 6.
122212
Convert 2d2 (base 14) to base 12.
400
What is 296 (base 15) in base 16?
24f
What is 153306 (base 7) in base 5?
1424434
What is 200201 (base 4) in base 5?
31311
-4ed (base 15) to base 14
-5a3
Convert -10313221 (base 4) to base 3.
-1000100201
Convert 233130 (base 4) to base 6.
22020
What is -129 (base 11) in base 16?
-98
What is 305 (base 14) in base 5?
4333
What is -2d40 (base 16) in base 9?
-16801
What is -743 (base 9) in base 4?
-21132
26708 (base 9) to base 15
554b
What is 2202222 (base 3) in base 16?
7e8
What is 21315 (base 7) in base 12?
30a0
Convert -ff7 (base 16) to base 13.
-1b25
What is 2241 (base 13) in base 2?
1001010110001
What is -19a7 (base 12) in base 11?
-2405
What is 3643 (base 7) in base 2?
10101001010
Convert 1098 (base 12) to base 15.
82e
-431213 (base 5) to base 8
-34336
25163 (base 7) to base 5
202421
143775 (base 9) to base 6
1515535
What is 13e9 (base 15) in base 14?
17ad
What is a073 (base 13) in base 16?
5630
What is -1024315 (base 6) in base 10?
-50231
What is 2221111220 (base 3) in base 10?
57966
What is -106234 (base 8) in base 11?
-25054
Convert -289 (base 10) to base 8.
-441
What is 4710 (base 15) in base 5?
440330
Convert 34330 (base 6) to base 11.
3735
Convert -20303100 (base 4) to base 10.
-36048
-7b1 (base 13) to base 4
-110233
515 (base 8) to base 13
1c8
Convert -222 (base 10) to base 15.
-ec
Convert -b07 (base 13) to base 16.
-74a
Convert -5316 (base 7) to base 6.
-12403
Convert 2314 (base 7) to base 5.
11334
What is -11031 (base 6) in base 9?
-2081
Convert -533251 (base 6) to base 2.
-1010100111111111
Convert 3025 (base 6) to base 10.
665
-138 (base 14) to base 6
-1050
-4f2d (base 16) to base 6
-233501
10a6 (base 13) to base 10
2333
Convert 1543 (base 8) to base 12.
603
What is 23 (base 7) in base 13?
14
What is -2010 (base 6) in base 5?
-3223
What is 248 (base 15) in base 16?
206
Convert -3120 (base 4) to base 2.
-11011000
-3514 (base 8) to base 11
-1449
Convert -3439 (base 11) to base 4.
-1012213
-3303 (base 5) to base 15
-203
What is 11001000000001 (base 2) in base 14?
4945
What is 165 (base 11) in base 10?
192
Convert 611 (base 12) to base 6.
4021
1011100100100 (base 2) to base 9
8112
5a (base 12) to base 2
1000110
What is 15b11 (base 12) in base 6?
355221
Convert -121122 (base 4) to base 15.
-736
What is 22 (base 7) in base 2?
10000
What is -4172 (base 10) in base 4?
-1001030
What is -1020122 (base 3) in base 10?
-908
1095 (base 10) to base 3
1111120
-347a (base 13) to base 11
-5599
721 (base 11) to base 5
11440
What is 132 (base 11) in base 9?
183
Convert -11040 (base 5) to base 14.
-3d0
Convert 1a00 (base 15) to base 5.
140000
484d (base 14) to base 12
7371
What is 473 (base 9) in base 15?
1b0
1324 (base 6) to base 8
524
-7277 (base 8) to base 4
-322333
Convert -100221111 (base 3) to base 13.
-33b8
5662 (base 9) to base 8
10133
What is ab (base 14) in base 3?
12121
5837 (base 9) to base 15
1437
110111000 (base 2) to base 15
1e5
Convert 43541 (base 6) to base 11.
4599
Convert -1244 (base 5) to base 2.
-11000111
Convert -5643 (base 9) to base 2.
-1000001001010
Convert 75350 (base 8) to base 15.
94c9
-27317 (base 8) to base 4
-2323033
What is -236465 (base 7) in base 3?
-2012010222
Convert 1676 (base 9) to base 13.
77a
Convert 402425 (base 6) to base 8.
75721
Convert 618 (base 10) to base 15.
2b3
Convert -503 (base 13) to base 12.
-5a8
46 (base 14) to base 3
2022
Convert -15521 (base 9) to base 13.
-4ab9
10100110111010 (base 2) to base 7
43100
Convert -10110010001100 (base 2) to base 10.
-11404
-a49a (base 13) to base 2
-101100011110101
Convert -a327 (base 11) to base 4.
-3112012
d99 (base 15) to base 12
1939
What is 112 (base 4) in base 5?
42
What is -14557 (base 11) in base 3?
-1001022011
1759 (base 14) to base 12
2517
2507 (base 8) to base 3
1212001
2535 (base 7) to base 3
1022110
What is -4032 (base 7) in base 4?
-111303
Convert 827 (base 10) to base 7.
2261
-526 (base 13) to base 3
-1012111
What is -162 (base 10) in base 9?
-200
What is 2101021 (base 3) in base 14?
8bd
-839 (base 14) to base 2
-11001010011
What is -1011100010011011 (base 2) in base 10?
-47259
Convert -52265 (base 8) to base 14.
-7c8d
41620 (base 7) to base 8
24017
What is -453 (base 14) in base 3?
-1011202
Convert 1977 (base 13) to base 16.
ee8
-1dc8 (base 15) to base 13
-2c51
Convert 10 (base 15) to base 3.
120
446a2 (base 11) to base 14
19834
542 (base 8) to base 16
162
b655 (base 15) to base 11
26a70
What is 295 (base 13) in base 5?
3320
-698 (base 14) to base 15
-5c5
Convert -4161 (base 11) to base 13.
-2680
Convert 24338 (base 10) to base 15.
7328
What is -31211 (base 4) in base 3?
-1012012
-2a74 (base 13) to base 12
-36ab
What is -7266 (base 16) in base 11?
-20004
465 (base 10) to base 15
210
Convert -102011122 (base 3) to base 7.
-32513
Convert -281 (base 9) to base 3.
-22201
-10558 (base 12) to base 7
-116516
-15112 (base 8) to base 14
-264a
What is 21102 (base 5) in base 15?
637
Convert 2301231 (base 4) to base 6.
124353
What is -101121 (base 3) in base 6?
-1154
What is 265 (base 9) in base 6?
1005
Convert -102354 (base 6) to base 3.
-102110021
What is -1001012222 (base 3) in base 11?
-14503
What is 142b (base 13) in base 11?
2206
Convert 699 (base 12) to base 16.
3d5
What is -1c80 (base 15) in base 12?
-3703
What is 313231 (base 4) in base 10?
3565
Convert -66114 (base 9) to base 15.
-cec4
What is -154 (base 7) in base 9?
-107
What is 224 (base 15) in base 4?
13210
What is 11010100011 (base 2) in base 15?
784
Convert -11100101 (base 4) to base 16.
-5411
Convert -205505 (base 6) to base 15.
-4eb2
168a (base 11) to base 12
12b7
Convert -1040000 (base 6) to base 10.
-51840
What is -ca66 (base 16) in base 11?
-35a24
Convert 29b32 (base 12) to base 15.
1259b
1754 (base 13) to base 4
311321
What is 3327 (base 10) in base 7?
12462
What is 30202 (base 5) in base 7?
5422
Convert 586b (base